2*r - 11 = -49, -3*r = -15. Suppose -t*a + 144 = -a. Let v = -14 - -38. Calculate the greatest common divisor of v and a.
24
Suppose -34*v = -35*v + 3. Let g be -1 - 0 - -9*v. Let m = 318 - 214. What is the greatest common divisor of m and g?
26
Suppose 3*o + 1 - 49 = 0. What is the highest common factor of 16 and o?
16
Let s(w) = 2*w - 4. Let j be ((-2)/6)/((-4)/60). Let k be s(j). Let g be 66/(-18)*-9*k. What is the highest common divisor of g and 18?
18
Let y = 34 - 62. Let b = 100 + y. Let v(j) = 3*j. Let q be v(3). What is the highest common factor of q and b?
9
Let q(o) = 2*o - 7. Let w be q(15). Suppose 9 = -2*d + w. What is the greatest common factor of d and 56?
7
Let y(g) = g**2 - g + 13. Let x be y(6). Let f = -19 + x. What is the highest common divisor of f and 12?
12
Suppose -4*o + 0*o + 264 = 0. Let y(i) = 60*i**2 + i + 8. Let z be y(4). Let n be 12/(-66) + z/22. What is the highest common divisor of o and n?
22
Let i be (-638)/203*(-3 - 39). What is the highest common divisor of i and 44?
44
Let k be 2/4 - (-107)/2. Suppose -10*t + 12*t = 2*u + 70, -5*u + 41 = t. Calculate the greatest common divisor of t and k.
18
Let i = 45 + -86. Let h = i + 27. Let q = h + 26. Calculate the highest common factor of 12 and q.
12
Suppose 12 = 5*p - 18. Let a = 12 + 36. Calculate the greatest common factor of p and a.
6
Suppose 5*z - 2*k = 426, -5*k - 93 + 17 = -z. Calculate the highest common divisor of z and 301.
43
Let g = -767 + 768. Calculate the greatest common factor of g and 34.
1
Let a(u) = 23*u - 1. Let b be a(1). Suppose 5*m - b = -12. What is the highest common divisor of m and 4?
2
Suppose 435 = 5*f - 5*w, -f + 3*w + 95 = -2*w. Let x be 3/((-325)/f + 4). What is the greatest common factor of x and 153?
17
Let t = 2679 - 2629. What is the greatest common divisor of t and 675?
25
Let s be (2 + 1)*33*(-2)/(-18). Suppose -15 = -s*o + 29. Let c(p) = -p**3 - 6*p**2 - 8*p - 7. Let a be c(-5). Calculate the greatest common divisor of a and o.
4
Let t(n) = 1 + n**2 + 5 - 1 - 1 + 16*n. Let r be t(-16). What is the highest common factor of r and 16?
4
Suppose 50*f - 53*f + 114 = 0. Calculate the highest common factor of f and 418.
38
Suppose -2*z + 524 = 4*h, -2*h - z = -3*z - 256. Calculate the greatest common factor of h and 10.
10
Let r be (-148)/(-32) + (-18)/(-48). Let k be r - ((-63)/(-18) - 1/(-2)). What is the highest common factor of 8 and k?
1
Let b(d) = -d**3 + 5*d**2 + 4*d + 2. Suppose 0 = 4*z - 16, 3*z = 4*f - 3*f + 17. Let t be b(f). What is the highest common factor of t and 29?
29
Let k = 151 - 135. What is the greatest common divisor of k and 10?
2
Let n be 1/(-3) - (-1224)/27. Calculate the highest common factor of 20 and n.
5
Let p = -49 - -48. Let b be (-2240)/(-96) + p/3*-2. Calculate the greatest common divisor of b and 60.
12
Let h be 2 + -1 - 4/(-4). Let v be ((-63)/(-15))/(h/(-10)). Let g = 29 + v. Calculate the highest common divisor of 20 and g.
4
Let s be 89/4 - 3/12. Let h be (-4)/s - (-12)/66. Suppose h*j + 3*j - 351 = 0. Calculate the highest common divisor of 13 and j.
13
Let g(i) = -i**3 + i**2 + 14*i + 22. Let j be g(-4). What is the highest common divisor of 4 and j?
2
Let l(q) = q**3 + 7*q**2 - 5*q - 1. Let p be l(4). Let b = -16 + 78. What is the highest common factor of b and p?
31
Let p(q) = q**2 + 9*q + 18. Let w be p(-8). Suppose -w = -3*g - 1, -l + 22 = 4*g. What is the highest common factor of 30 and l?
10
Suppose -2*u = -48 - 120. Let l be ((-1)/(-2))/(2/u). Let z be (93 - 12/(-3)) + 8. What is the greatest common factor of l and z?
21
Let u(s) = 9*s + 148 - 2*s - 149. Let p be u(2). Suppose -p = -3*y + 4*l - 9*l, -2*y + 4*l = -38. What is the highest common factor of 11 and y?
11
Let g be (-7)/(-2)*(-136)/(-238). Let p = -3 + 5. Suppose -2*z + 4 = -g*o - 46, -2*z - p*o = -58. Calculate the highest common divisor of z and 3.
3
Let u be (-125)/(-10) + (-2)/4. Suppose 30 = 63*b - 58*b. Calculate the highest common divisor of b and u.
6
Let i = -2606 - -2692. What is the greatest common divisor of 16 and i?
2
Suppose -2*z - 2*j = -7*j - 49, 0 = -4*z + j + 125. Let i = z + -10. Let y be 88/28*28/8. Calculate the highest common divisor of i and y.
11
Suppose a - 3 - 1 = 4*v, a = -5*v + 13. Suppose 3*s + 19 + a = 0. Let m = s - -65. What is the greatest common factor of m and 14?
14
Let p(u) be the second derivative of u**3/6 + 11*u**2/2 - 3*u. Let r be p(-5). Calculate the highest common factor of 48 and r.
6
Let t(s) = -33*s**2 + 5*s - 1. Let u(b) = -2*b**2 - b. Let r(y) = -t(y) - 2*u(y). Let h be r(1). Calculate the highest common divisor of 28 and h.
7
Suppose -5*z + 225 = -w + 2*w, 0 = -5*w. Calculate the highest common divisor of 18 and z.
9
Suppose -2*h + t - 3 = 0, -t = -2*h + 3*h - 3. Suppose h*j - 4*j = -216. What is the highest common divisor of j and 6?
6
Let k = 242 - 127. Calculate the greatest common factor of 46 and k.
23
Let r(w) = -3*w. Let m be r(-1). Let t(y) = -2*y**m + 72 - 3*y**3 - y + 4*y**3. Let p be t(0). Calculate the greatest common divisor of p and 8.
8
Let t be 3*1*(-10)/(-3). Suppose 0 = 4*f + 20, f = -6*u + u + t. Let x(k) = 82*k + 15. Let v be x(0). Calculate the greatest common factor of v and u.
3
Suppose -3*c + 5*c - 28 = 0. Suppose 2*z + 3*z - 50 = 0. Let j = z - 8. What is the highest common factor of c and j?
2
Let i(n) = 54*n**2 + 6*n - 6. Let t be i(1). Calculate the highest common factor of t and 126.
18
Let n(h) = h**2 - 20. Let f be -1*3 + 16 + -8. Let x be n(f). Calculate the greatest common factor of x and 20.
5
Suppose 52*k - 28 = -g + 48*k, -3*g - 5*k = -42. Suppose -16 = -w + 3*z, 0 = 2*w + w + 5*z - 104. Calculate the highest common divisor of g and w.
4
Suppose 5*u = -i - 238 - 219, -i = 2. Let x be (-2795)/u - 4/(-14). Calculate the greatest common divisor of 31 and x.
31
Let w be 8 + -4 + 0 + -2. Suppose 3*d + 4*i + w = 0, -d - 3*i + 1 = 10. Suppose c - d*c = s - 18, 5*s = c + 38. What is the greatest common divisor of s and 56?
8
Let v be (-60)/(-90)*33/2*(-3 + 4). Let s = 272 - 41. What is the highest common divisor of v and s?
11
Let h(d) = -12*d + 142. Let q be h(9). Let t be 2 - (2 + -1)*-15. What is the highest common divisor of t and q?
17
Let h(p) = -9*p - 291. Let g be h(-33). What is the highest common divisor of g and 303?
3
Let v = -4 + 4. Suppose v*p + 2*p - 298 = -4*a, -p + 224 = 3*a. Suppose 2*l = 4*b + 30, -5*l + l = -5*b - 60. Calculate the highest common factor of a and l.
15
Suppose 3*c = -r + 30, r = -2*r + 5*c + 146. Suppose 0 = 5*u - 249 - 241. Let y = u - r. What is the greatest common factor of 7 and y?
7
Suppose 3*x = 2*g - 23, 0 = -4*g + 8*x - 4*x + 36. Suppose -g*z = -384 + 2628. Let c be ((-40)/6)/(34/z). What is the highest common divisor of 22 and c?
22
Let k(f) = 5*f**2 - 220*f + 136. Let p be k(44). Let u(g) = 3*g - 1. Let t be u(3). What is the highest common factor of t and p?
8
Let t = 58 - 49. Calculate the greatest common factor of t and 2097.
9
Let w be (-4)/(-20) + (-36)/(-20). Let c(v) = v - 4. Let l be c(5). Let z be w/(43/(-45) + l). What is the highest common factor of z and 9?
9
Let w = 2514 + -1645. What is the highest common divisor of w and 79?
79
Let h(k) = -k**3 + 6*k**2 + 12*k - 5. Let m be h(5). What is the greatest common divisor of 32 and m?
16
Let u = 4 - 4. Let m(p) = -p**2 + p + 3. Let y be m(u). Suppose 4*l - 3*n = 102, -y*l = -7*l - 4*n + 88. Calculate the highest common divisor of 12 and l.
12
Let b(l) be the second derivative of -3*l**3/2 - 7*l**2/2 - 16*l. Let o be b(-2). Calculate the greatest common factor of 11 and o.
11
Let z = 28 + -19. Let h(l) = l**2 - 21*l + 20. Let g be h(z). Let o = 16 - g. What is the highest common factor of o and 13?
13
Let f = -732 + 756. Calculate the greatest common divisor of 184 and f.
8
Let t be -60*(-15)/(-10)*(-3)/2. What is the greatest common factor of t and 30?
15
Let p be (-11 - 11)*-2*(-33)/(-12). Calculate the greatest common factor of p and 44.
11
Suppose a - 3*s - 77 = 0, 3*a - 245 = -7*s + 2*s. What is the highest common divisor of 280 and a?
40
Let j = 460 + -410. What is the highest common divisor of 30 and j?
10
Suppose 0 = -10*n + 14*n - 40. Let i = -39 + 44. What is the highest common factor of i and n?
5
Let x = 171 - 150. Calculate the